?
3, 7
Let n = 34 + 227. What are the prime factors of n?
3, 29
Let i = 75 + -34. What are the prime factors of i?
41
Let u(d) be the third derivative of -d**6/120 - d**5/6 + 11*d**4/24 + 2*d**3/3 + 2*d**2. Let p be 2/6 + (-68)/6. What are the prime factors of u(p)?
2
Suppose 3 = 2*s - 27. Suppose 4*x - 25 = -5*n, 4*n + 3*x = n + s. What are the prime factors of n?
5
Let u = -35 - -74. Let c be 0/3 + -2 + u. Suppose -4*b = 2*l - 22, 0 = -4*b - 5*l + c - 6. What are the prime factors of b?
2
Let o(l) = -l**3 - l**2 - 2*l - 3. Suppose -v - 2*x - 12 = -0*v, 2*v - 3*x - 11 = 0. Let i be o(v). Suppose -i*y + 4*y = -4. List the prime factors of y.
2
Suppose -3*j = -z - 119, -z - 2*j - 3*j = 95. Let h = -62 - z. What are the prime factors of h?
2, 3
Let i = 90 + 46. List the prime factors of i.
2, 17
Let h = 59 + -35. What are the prime factors of h?
2, 3
Let w(t) = t - 40. Let d(s) = 8. Let y(x) = 11*d(x) + 2*w(x). List the prime factors of y(9).
2, 13
Let h = -30 - -56. List the prime factors of h.
2, 13
Let k(p) = 4*p**2 - 2*p - 2. Let h be k(3). Suppose 2*u + 5*l - 9 = u, -3*u + 14 = 2*l. Suppose -u*q = -h - 28. List the prime factors of q.
2, 7
Suppose -5*m + 65 = -0*m. Suppose -5*g = m - 108. List the prime factors of g.
19
Let f(w) = -w**3 - 13*w**2 - 3*w - 7. Suppose l + 4*l + 65 = 0. List the prime factors of f(l).
2
Suppose 2 + 10 = -3*f. Let i be 2/6*(-12)/f. Let y(m) = 11*m**2 + m. List the prime factors of y(i).
2, 3
Let y = 9 + -15. What are the prime factors of 2 + (-2 + 0)*y?
2, 7
Suppose -2*b + 16 = -110. What are the prime factors of b?
3, 7
Let h = -9 - -10. Let y = 13 - h. What are the prime factors of y?
2, 3
Let y = 25 - 11. Suppose -4*j - 8 = 0, -4*u + 5*j + y = -20. What are the prime factors of u?
2, 3
Let m(h) = h**2 + 5*h - 2. Let r be m(-5). What are the prime factors of r + 5 + -2 + 1?
2
Let k(g) = g**2 + 13*g - 3. What are the prime factors of k(-19)?
3, 37
Suppose 5*k + d = 66, -3*d + d + 48 = 4*k. Suppose -m + 3*p - k = 0, 0 = -5*p + 6 + 4. List the prime factors of (-2)/m + (-188)/(-16).
2, 3
Let s(g) = -g**3 - 2*g**2 + 3*g + 146. What are the prime factors of s(0)?
2, 73
List the prime factors of (-14)/21*3*-6.
2, 3
Suppose 94 = -6*a + 226. Suppose 0 = 2*m - a - 48. What are the prime factors of m?
5, 7
Let p be 3 - (-1 + 3 - 3). Let m = 18 - 6. Suppose -p*k - 12 - m = -4*g, 14 = -g + 5*k. List the prime factors of g.
11
Suppose 0*k = 3*g + 2*k + 4, 5*k = -g + 3. Let j = 6 - g. Suppose m - 3*i + 4*i - j = 0, 0 = i - 2. List the prime factors of m.
2, 3
Suppose -5*w - 3*p + 211 = 0, p + 66 + 113 = 4*w. Suppose -4*h + w = 4*u, 0 = -5*h + 5*u + 17 + 48. List the prime factors of h.
2, 3
Let r(p) = p - 5. Let x be r(9). Suppose m - 18 - 6 = -x*n, 2*n + 16 = 3*m. What are the prime factors of m?
2
Let y(i) = -3*i + 3. Let d be y(-3). Suppose 4*r - 8 = 4*k, d = 4*k - 2*k + 2*r. Suppose p = k + 13. What are the prime factors of p?
3, 5
Let z(o) = -o**3 - 7*o**2 - 3*o - 5. Let f be z(-7). Suppose 7*y - f = 6*y. What are the prime factors of y?
2
Let z = -26 - -70. What are the prime factors of z?
2, 11
Suppose -k = -6 - 5. Suppose -a + 10 = 3*z - 0*a, -5*z + 4*a + k = 0. Suppose -27 = -0*u - z*u. What are the prime factors of u?
3
Let l(o) = 39*o + 1. What are the prime factors of l(6)?
5, 47
Suppose 13*h - 9*h - 60 = 0. What are the prime factors of h?
3, 5
Let y = 72 - 43. What are the prime factors of y?
29
Suppose 95 + 5 = -g. List the prime factors of ((-6)/(-15))/((-4)/g).
2, 5
Let l = 13 - 7. Suppose l = -g + 35. List the prime factors of g.
29
List the prime factors of (508/10)/((-25)/(-125)).
2, 127
Let y(o) = -o**2 + 2*o + 1. Let z be y(-1). List the prime factors of 1 + -6*5/z.
2
Suppose 6*a = 48 + 72. List the prime factors of a.
2, 5
Suppose 4*o + 2*m = 106, -2*o - 3*m + 34 + 17 = 0. What are the prime factors of o?
3
Suppose -4*j + 6*j - 10 = 0. Suppose -3*n + n + 29 = -5*l, 86 = j*n + l. List the prime factors of n.
17
Suppose 0 = 4*u - 2*d - 222, 2*u - 131 = -2*d - d. List the prime factors of u.
2, 29
Suppose 5*y + 6 - 1 = 0. List the prime factors of (15/y)/(2/(-2)).
3, 5
Let y = 8 - 3. Let o = y + -25. What are the prime factors of 3/(-6)*(o + 2)?
3
Let z = 13 - 7. Let b(j) = j**2 - 3*j - 2. Let v be b(z). Suppose -3*k + 5 = -v. List the prime factors of k.
7
Let l = -7 + -34. Let h = l - -65. List the prime factors of h.
2, 3
Suppose 12*r - 10*r = 98. List the prime factors of r.
7
Let h(w) = -w + 354. Let z be h(0). What are the prime factors of (-2)/(-8) + z/24?
3, 5
Let o(d) = 2*d**2 + 41*d + 4. What are the prime factors of o(-24)?
2, 43
Let d(b) be the second derivative of -b**3 - b. Let m be d(-6). Suppose -n + 2*u + 17 = -u, -4*u - m = -3*n. What are the prime factors of n?
2
Let s(t) = t + 5. Let o be s(-5). Suppose -3*l = -o*l - 6. Suppose 0 = -0*w + l*w - 10. What are the prime factors of w?
5
Let z = 22 - -7. Let a = z + -17. List the prime factors of a.
2, 3
Suppose -b - 11 = -29. Suppose 2*z = 4*y + 36, 2*z - 3*z + b = 5*y. List the prime factors of z.
2, 3
Suppose 6*i = 698 + 334. List the prime factors of i.
2, 43
Suppose -5*x - 4*l + 141 = 0, -l - 3 + 2 = 0. List the prime factors of x.
29
Let d(k) = k**3 + k**2 - 7*k - 4. What are the prime factors of d(4)?
2, 3
What are the prime factors of (-12)/(-8) - (-501)/6?
5, 17
Suppose -13*x = -14*x + 283. List the prime factors of x.
283
Let x(j) = j + 1. Let o(v) = -6*v - 8. Let l(q) = o(q) + 4*x(q). Let y be (8/6)/((-1)/3). List the prime factors of l(y).
2
Let j = 93 + -66. Suppose 5*m - 88 = j. List the prime factors of m.
23
Let x be 4/(-14) + (-23)/(-7). Suppose 4*m = 5*m - 5*w + 13, -5*w + 15 = 0. Suppose -x*t + 10 + 7 = -5*q, q - m = 0. What are the prime factors of t?
3
Let t(w) = -w**3 + 8*w**2 - 6*w - 7. Let f be t(7). Suppose -3 = -y + 3*r, f = -3*y + r + r + 9. Suppose -2*o = -y*o + 7. What are the prime factors of o?
7
Let o be (-4)/(-14) + 282/(-7). Let p = -27 - o. What are the prime factors of p?
13
Let p(h) = 2*h + 2. Let s be p(-7). Let w = -5 - s. What are the prime factors of w?
7
Let f = -53 - -107. Let z = f - 32. What are the prime factors of z?
2, 11
Let c(m) = -m**3 + m. Let u be c(-2). Let t = u - 2. List the prime factors of t.
2
Let p(v) = 4*v**2 - 6*v + 2. Let s(g) = -5*g**2 + 6*g - 2. Let j(m) = 6*p(m) + 5*s(m). Let y(i) = -i**2 + i. Let n be y(3). What are the prime factors of j(n)?
2
What are the prime factors of 1/((-4)/488*-2)?
61
Let z be 1/(-1 + 0) - -5. Suppose -z*v = -5*v + 4. Suppose -t - 33 = -v*t. What are the prime factors of t?
11
Suppose -5*m = -2*h + 290, -2*m = 3*h + 104 - 577. What are the prime factors of h?
5, 31
Suppose 3*k - 27 = 5*a + 28, -10 = 5*a. Suppose k - 4 = j. What are the prime factors of j?
11
Let x = -19 + 36. Let m = x + -12. Suppose h - m*i = 0, 44 = h + 4*h - 3*i. List the prime factors of h.
2, 5
Suppose 50 = 4*b - 26. Let t = b + 0. What are the prime factors of t?
19
Let q be (4/6)/(6/(-63)). Let w(i) = 6*i + 6 + 3*i**2 - 5*i**2 + 3*i**2. What are the prime factors of w(q)?
13
Suppose -4*r + 0 + 12 = 0. List the prime factors of r.
3
Let f(h) = -h**2 - 2 - 5 + 2*h - 2. Let j be f(6). What are the prime factors of (-1)/(-4) + j/(-12)?
3
Suppose 5 + 5 = g. Let m = g - 14. List the prime factors of (-4)/3*18/m.
2, 3
Let t = 367 - -62. List the prime factors of t.
3, 11, 13
Suppose 3*r + r = 8. Suppose r*s + g - 4*g = 44, g + 2 = 0. List the prime factors of s.
19
Suppose 4*b - 48 = -0*k + 5*k, b = -2*k - 1. Let f = b - 0. What are the prime factors of f?
7
Suppose -37 + 13 = -4*o. Suppose 2*h - o = h. Suppose 2*v = 12 + h. List the prime factors of v.
3
Suppose -f + 9 - 4 = 0. List the prime factors of f.
5
Let m(z) = 7*z + 2. Let d be m(-2). Let p be 2/(-5) + d/(-5). Suppose -22 = -0*w - p*w. What are the prime factors of w?
11
Let a = 3 - 1. Suppose a*n + 20 = 54. List the prime factors of n.
17
Suppose 0 = 2*o + 3*q - 29, 2*o - 4*o - 2*q + 28 = 0. Suppose 4*k - y = o, -2*y - 2 = k + 6. List the prime factors of k.
2
Suppose -2*r - g + 20 = -3*g, -3*g = 2*r + 5. Let x(z) = 3 - r + 6*z + 1. What are the prime factors of x(3)?
17
Let h = 8 - 0. Let w(a) = -a**2 + 8*a - 3. Let s be w(h). List the prime factors of 12/4*s/(-1).
3
Let h(t) = t**3 - t**2 + t + 31. What are the pr